{"id":37,"date":"2015-02-16T17:30:43","date_gmt":"2015-02-16T17:30:43","guid":{"rendered":"http:\/\/reformasbanerasvalencia.com\/?page_id=37"},"modified":"2025-05-13T17:30:21","modified_gmt":"2025-05-13T17:30:21","slug":"platos-de-ducha","status":"publish","type":"page","link":"https:\/\/reformasbanerasvalencia.com\/?page_id=37","title":{"rendered":"Platos de ducha Valencia"},"content":{"rendered":"\n<p>Tenemos el plato de ducha que necesitas para cambiar tu ba\u00f1era, pero si tu quieres puedes comprarlo tu mismo y nosotros te lo ponemos.<\/p>\n\n\n\n<p><\/p>\n","protected":false},"excerpt":{"rendered":"<p>Tenemos el plato de ducha que necesitas para cambiar tu ba\u00f1era, pero si tu quieres puedes comprarlo tu mismo y nosotros te lo ponemos.<\/p>\n","protected":false},"author":1,"featured_media":0,"parent":0,"menu_order":0,"comment_status":"closed","ping_status":"closed","template":"","meta":{"footnotes":""},"class_list":["post-37","page","type-page","status-publish","hentry"],"yoast_head":"<!-- This site is optimized with the Yoast SEO plugin v27.1.1 - https:\/\/yoast.com\/product\/yoast-seo-wordpress\/ -->\n<title>Platos de ducha Valencia - Reformas Ba\u00f1eras Valencia<\/title>\n<meta name=\"robots\" content=\"index, follow, max-snippet:-1, max-image-preview:large, max-video-preview:-1\" \/>\n<link rel=\"canonical\" href=\"https:\/\/reformasbanerasvalencia.com\/?page_id=37\" \/>\n<meta property=\"og:locale\" content=\"es_ES\" \/>\n<meta property=\"og:type\" content=\"article\" \/>\n<meta property=\"og:title\" content=\"Platos de ducha Valencia - Reformas Ba\u00f1eras Valencia\" \/>\n<meta property=\"og:description\" content=\"Tenemos el plato de ducha que necesitas para cambiar tu ba\u00f1era, pero si tu quieres puedes comprarlo tu mismo y nosotros te lo ponemos.\" \/>\n<meta property=\"og:url\" content=\"https:\/\/reformasbanerasvalencia.com\/?page_id=37\" \/>\n<meta property=\"og:site_name\" content=\"Reformas Ba\u00f1eras Valencia\" \/>\n<meta property=\"article:modified_time\" content=\"2025-05-13T17:30:21+00:00\" \/>\n<meta name=\"twitter:card\" content=\"summary_large_image\" \/>\n<script type=\"application\/ld+json\" class=\"yoast-schema-graph\">{\"@context\":\"https:\/\/schema.org\",\"@graph\":[{\"@type\":\"WebPage\",\"@id\":\"https:\/\/reformasbanerasvalencia.com\/?page_id=37\",\"url\":\"https:\/\/reformasbanerasvalencia.com\/?page_id=37\",\"name\":\"Platos de ducha Valencia - Reformas Ba\u00f1eras Valencia\",\"isPartOf\":{\"@id\":\"https:\/\/reformasbanerasvalencia.com\/#website\"},\"datePublished\":\"2015-02-16T17:30:43+00:00\",\"dateModified\":\"2025-05-13T17:30:21+00:00\",\"breadcrumb\":{\"@id\":\"https:\/\/reformasbanerasvalencia.com\/?page_id=37#breadcrumb\"},\"inLanguage\":\"es\",\"potentialAction\":[{\"@type\":\"ReadAction\",\"target\":[\"https:\/\/reformasbanerasvalencia.com\/?page_id=37\"]}]},{\"@type\":\"BreadcrumbList\",\"@id\":\"https:\/\/reformasbanerasvalencia.com\/?page_id=37#breadcrumb\",\"itemListElement\":[{\"@type\":\"ListItem\",\"position\":1,\"name\":\"Portada\",\"item\":\"https:\/\/reformasbanerasvalencia.com\/\"},{\"@type\":\"ListItem\",\"position\":2,\"name\":\"Platos de ducha Valencia\"}]},{\"@type\":\"WebSite\",\"@id\":\"https:\/\/reformasbanerasvalencia.com\/#website\",\"url\":\"https:\/\/reformasbanerasvalencia.com\/\",\"name\":\"Reformas Ba\u00f1eras Valencia\",\"description\":\"Cambio de ba\u00f1era por plato de ducha en un DIA, reparar ba\u00f1era en Valencia o la reforma que necesite. Paterna, Valencia y Alrededores\",\"potentialAction\":[{\"@type\":\"SearchAction\",\"target\":{\"@type\":\"EntryPoint\",\"urlTemplate\":\"https:\/\/reformasbanerasvalencia.com\/?s={search_term_string}\"},\"query-input\":{\"@type\":\"PropertyValueSpecification\",\"valueRequired\":true,\"valueName\":\"search_term_string\"}}],\"inLanguage\":\"es\"}]}<\/script>\n<!-- \/ Yoast SEO plugin. -->","yoast_head_json":{"title":"Platos de ducha Valencia - Reformas Ba\u00f1eras Valencia","robots":{"index":"index","follow":"follow","max-snippet":"max-snippet:-1","max-image-preview":"max-image-preview:large","max-video-preview":"max-video-preview:-1"},"canonical":"https:\/\/reformasbanerasvalencia.com\/?page_id=37","og_locale":"es_ES","og_type":"article","og_title":"Platos de ducha Valencia - Reformas Ba\u00f1eras Valencia","og_description":"Tenemos el plato de ducha que necesitas para cambiar tu ba\u00f1era, pero si tu quieres puedes comprarlo tu mismo y nosotros te lo ponemos.","og_url":"https:\/\/reformasbanerasvalencia.com\/?page_id=37","og_site_name":"Reformas Ba\u00f1eras Valencia","article_modified_time":"2025-05-13T17:30:21+00:00","twitter_card":"summary_large_image","schema":{"@context":"https:\/\/schema.org","@graph":[{"@type":"WebPage","@id":"https:\/\/reformasbanerasvalencia.com\/?page_id=37","url":"https:\/\/reformasbanerasvalencia.com\/?page_id=37","name":"Platos de ducha Valencia - Reformas Ba\u00f1eras Valencia","isPartOf":{"@id":"https:\/\/reformasbanerasvalencia.com\/#website"},"datePublished":"2015-02-16T17:30:43+00:00","dateModified":"2025-05-13T17:30:21+00:00","breadcrumb":{"@id":"https:\/\/reformasbanerasvalencia.com\/?page_id=37#breadcrumb"},"inLanguage":"es","potentialAction":[{"@type":"ReadAction","target":["https:\/\/reformasbanerasvalencia.com\/?page_id=37"]}]},{"@type":"BreadcrumbList","@id":"https:\/\/reformasbanerasvalencia.com\/?page_id=37#breadcrumb","itemListElement":[{"@type":"ListItem","position":1,"name":"Portada","item":"https:\/\/reformasbanerasvalencia.com\/"},{"@type":"ListItem","position":2,"name":"Platos de ducha Valencia"}]},{"@type":"WebSite","@id":"https:\/\/reformasbanerasvalencia.com\/#website","url":"https:\/\/reformasbanerasvalencia.com\/","name":"Reformas Ba\u00f1eras Valencia","description":"Cambio de ba\u00f1era por plato de ducha en un DIA, reparar ba\u00f1era en Valencia o la reforma que necesite. Paterna, Valencia y Alrededores","potentialAction":[{"@type":"SearchAction","target":{"@type":"EntryPoint","urlTemplate":"https:\/\/reformasbanerasvalencia.com\/?s={search_term_string}"},"query-input":{"@type":"PropertyValueSpecification","valueRequired":true,"valueName":"search_term_string"}}],"inLanguage":"es"}]}},"_links":{"self":[{"href":"https:\/\/reformasbanerasvalencia.com\/index.php?rest_route=\/wp\/v2\/pages\/37","targetHints":{"allow":["GET"]}}],"collection":[{"href":"https:\/\/reformasbanerasvalencia.com\/index.php?rest_route=\/wp\/v2\/pages"}],"about":[{"href":"https:\/\/reformasbanerasvalencia.com\/index.php?rest_route=\/wp\/v2\/types\/page"}],"author":[{"embeddable":true,"href":"https:\/\/reformasbanerasvalencia.com\/index.php?rest_route=\/wp\/v2\/users\/1"}],"replies":[{"embeddable":true,"href":"https:\/\/reformasbanerasvalencia.com\/index.php?rest_route=%2Fwp%2Fv2%2Fcomments&post=37"}],"version-history":[{"count":0,"href":"https:\/\/reformasbanerasvalencia.com\/index.php?rest_route=\/wp\/v2\/pages\/37\/revisions"}],"wp:attachment":[{"href":"https:\/\/reformasbanerasvalencia.com\/index.php?rest_route=%2Fwp%2Fv2%2Fmedia&parent=37"}],"curies":[{"name":"wp","href":"https:\/\/api.w.org\/{rel}","templated":true}]}}

<p>Tenemos el plato de ducha que necesitas para cambiar tu bañera, pero si tu quieres puedes comprarlo tu mismo y nosotros te lo ponemos.</p>



<p></p>

<p>Tenemos el plato de ducha que necesitas para cambiar tu bañera, pero si tu quieres puedes comprarlo tu mismo y nosotros te lo ponemos.</p>

<!-- This site is optimized with the Yoast SEO plugin v27.1.1 - https://yoast.com/product/yoast-seo-wordpress/ -->
<title>Platos de ducha Valencia - Reformas Bañeras Valencia</title>
<meta name="robots" content="index, follow, max-snippet:-1, max-image-preview:large, max-video-preview:-1" />
<link rel="canonical" href="https://reformasbanerasvalencia.com/?page_id=37" />
<meta property="og:locale" content="es_ES" />
<meta property="og:type" content="article" />
<meta property="og:title" content="Platos de ducha Valencia - Reformas Bañeras Valencia" />
<meta property="og:description" content="Tenemos el plato de ducha que necesitas para cambiar tu bañera, pero si tu quieres puedes comprarlo tu mismo y nosotros te lo ponemos." />
<meta property="og:url" content="https://reformasbanerasvalencia.com/?page_id=37" />
<meta property="og:site_name" content="Reformas Bañeras Valencia" />
<meta property="article:modified_time" content="2025-05-13T17:30:21+00:00" />
<meta name="twitter:card" content="summary_large_image" />
<script type="application/ld+json" class="yoast-schema-graph">{"@context":"https://schema.org","@graph":[{"@type":"WebPage","@id":"https://reformasbanerasvalencia.com/?page_id=37","url":"https://reformasbanerasvalencia.com/?page_id=37","name":"Platos de ducha Valencia - Reformas Bañeras Valencia","isPartOf":{"@id":"https://reformasbanerasvalencia.com/#website"},"datePublished":"2015-02-16T17:30:43+00:00","dateModified":"2025-05-13T17:30:21+00:00","breadcrumb":{"@id":"https://reformasbanerasvalencia.com/?page_id=37#breadcrumb"},"inLanguage":"es","potentialAction":[{"@type":"ReadAction","target":["https://reformasbanerasvalencia.com/?page_id=37"]}]},{"@type":"BreadcrumbList","@id":"https://reformasbanerasvalencia.com/?page_id=37#breadcrumb","itemListElement":[{"@type":"ListItem","position":1,"name":"Portada","item":"https://reformasbanerasvalencia.com/"},{"@type":"ListItem","position":2,"name":"Platos de ducha Valencia"}]},{"@type":"WebSite","@id":"https://reformasbanerasvalencia.com/#website","url":"https://reformasbanerasvalencia.com/","name":"Reformas Bañeras Valencia","description":"Cambio de bañera por plato de ducha en un DIA, reparar bañera en Valencia o la reforma que necesite. Paterna, Valencia y Alrededores","potentialAction":[{"@type":"SearchAction","target":{"@type":"EntryPoint","urlTemplate":"https://reformasbanerasvalencia.com/?s={search_term_string}"},"query-input":{"@type":"PropertyValueSpecification","valueRequired":true,"valueName":"search_term_string"}}],"inLanguage":"es"}]}</script>
<!-- / Yoast SEO plugin. -->

Platos de ducha Valencia - Reformas Bañeras Valencia

Tenemos el plato de ducha que necesitas para cambiar tu bañera, pero si tu quieres puedes comprarlo tu mismo y nosotros te lo ponemos.

Reformas Bañeras Valencia

Cambio de bañera por plato de ducha en un DIA, reparar bañera en Valencia o la reforma que necesite. Paterna, Valencia y Alrededores
